{"id":1236,"date":"2026-02-22T13:29:42","date_gmt":"2026-02-22T10:29:42","guid":{"rendered":"https:\/\/ilanpazari.net\/?page_id=1236\/"},"modified":"2026-02-22T13:30:24","modified_gmt":"2026-02-22T10:30:24","slug":"iletisim","status":"publish","type":"page","link":"https:\/\/ilanpazari.net\/blogx\/iletisim\/","title":{"rendered":"\u0130leti\u015fim"},"content":{"rendered":"<p>Yetkili \u0130sim Soyisim : Alperen \u00d6ZCAN<\/p>\n<p>Telefon Numaras\u0131 : 0850 840 0722<\/p>\n<p>Eposta Adresimiz : motorculaz61@gmail.com<\/p>\n<p>Ofis Adres : <a tabindex=\"0\" href=\"https:\/\/www.google.com\/maps\/place\/\/data=!4m2!3m1!1s0x4064153348096279:0x78e810ca97b22a40?sa=X&amp;ved=1t:8290&amp;ictx=111\" data-url=\"\/maps\/place\/\/data=!4m2!3m1!1s0x4064153348096279:0x78e810ca97b22a40?sa=X&amp;ved=2ahUKEwjFyriB8uySAxW4B9sEHcM6GIEQ4kB6BAgYEAA\">D\u00fcrbinar mahallesi, \u0130n\u00f6n\u00fc Cd. Pulathane \u0130\u015f Merkez no:63 Kat:2, 61300 Ak\u00e7aabat\/Trabzon<\/a><\/p>\n","protected":false},"excerpt":{"rendered":"<p>Yetkili \u0130sim Soyisim : Alperen \u00d6ZCAN Telefon Numaras\u0131 : 0850 840 0722 Eposta Adresimiz : motorculaz61@gmail.com Ofis Adres : D\u00fcrbinar mahallesi, \u0130n\u00f6n\u00fc Cd. Pulathane \u0130\u015f Merkez no:63 Kat:2, 61300 Ak\u00e7aabat\/Trabzon<\/p>\n","protected":false},"author":1,"featured_media":0,"parent":0,"menu_order":0,"comment_status":"closed","ping_status":"closed","template":"","meta":{"footnotes":""},"class_list":["post-1236","page","type-page","status-publish","hentry"],"aioseo_notices":[],"_links":{"self":[{"href":"https:\/\/ilanpazari.net\/blogx\/wp-json\/wp\/v2\/pages\/1236","targetHints":{"allow":["GET"]}}],"collection":[{"href":"https:\/\/ilanpazari.net\/blogx\/wp-json\/wp\/v2\/pages"}],"about":[{"href":"https:\/\/ilanpazari.net\/blogx\/wp-json\/wp\/v2\/types\/page"}],"author":[{"embeddable":true,"href":"https:\/\/ilanpazari.net\/blogx\/wp-json\/wp\/v2\/users\/1"}],"replies":[{"embeddable":true,"href":"https:\/\/ilanpazari.net\/blogx\/wp-json\/wp\/v2\/comments?post=1236"}],"version-history":[{"count":4,"href":"https:\/\/ilanpazari.net\/blogx\/wp-json\/wp\/v2\/pages\/1236\/revisions"}],"predecessor-version":[{"id":1240,"href":"https:\/\/ilanpazari.net\/blogx\/wp-json\/wp\/v2\/pages\/1236\/revisions\/1240"}],"wp:attachment":[{"href":"https:\/\/ilanpazari.net\/blogx\/wp-json\/wp\/v2\/media?parent=1236"}],"curies":[{"name":"wp","href":"https:\/\/api.w.org\/{rel}","templated":true}]}}