{"id":9,"date":"2021-12-13T10:35:42","date_gmt":"2021-12-13T07:35:42","guid":{"rendered":"https:\/\/ilanpazari.net\/astroloji\/"},"modified":"2026-02-22T13:03:00","modified_gmt":"2026-02-22T10:03:00","slug":"astroloji","status":"publish","type":"page","link":"https:\/\/ilanpazari.net\/blogx\/astroloji\/","title":{"rendered":"Astroloji"},"content":{"rendered":"<div id=\"ez-toc-container\" class=\"ez-toc-v2_0_82_2 counter-hierarchy ez-toc-counter ez-toc-grey ez-toc-container-direction\">\n<div class=\"ez-toc-title-container\">\n<p class=\"ez-toc-title\" style=\"cursor:inherit\">Table of Contents<\/p>\n<span class=\"ez-toc-title-toggle\"><a href=\"#\" class=\"ez-toc-pull-right ez-toc-btn ez-toc-btn-xs ez-toc-btn-default ez-toc-toggle\" aria-label=\"\u0130\u00e7indekiler Tablosunu A\u00e7\/Kapat\"><span class=\"ez-toc-js-icon-con\"><span class=\"\"><span class=\"eztoc-hide\" style=\"display:none;\">Toggle<\/span><span class=\"ez-toc-icon-toggle-span\"><svg style=\"fill: #999;color:#999\" xmlns=\"http:\/\/www.w3.org\/2000\/svg\" class=\"list-377408\" width=\"20px\" height=\"20px\" viewBox=\"0 0 24 24\" fill=\"none\"><path d=\"M6 6H4v2h2V6zm14 0H8v2h12V6zM4 11h2v2H4v-2zm16 0H8v2h12v-2zM4 16h2v2H4v-2zm16 0H8v2h12v-2z\" fill=\"currentColor\"><\/path><\/svg><svg style=\"fill: #999;color:#999\" class=\"arrow-unsorted-368013\" xmlns=\"http:\/\/www.w3.org\/2000\/svg\" width=\"10px\" height=\"10px\" viewBox=\"0 0 24 24\" version=\"1.2\" baseProfile=\"tiny\"><path d=\"M18.2 9.3l-6.2-6.3-6.2 6.3c-.2.2-.3.4-.3.7s.1.5.3.7c.2.2.4.3.7.3h11c.3 0 .5-.1.7-.3.2-.2.3-.5.3-.7s-.1-.5-.3-.7zM5.8 14.7l6.2 6.3 6.2-6.3c.2-.2.3-.5.3-.7s-.1-.5-.3-.7c-.2-.2-.4-.3-.7-.3h-11c-.3 0-.5.1-.7.3-.2.2-.3.5-.3.7s.1.5.3.7z\"\/><\/svg><\/span><\/span><\/span><\/a><\/span><\/div>\n<nav><ul class='ez-toc-list ez-toc-list-level-1 ' ><li class='ez-toc-page-1 ez-toc-heading-level-1'><a class=\"ez-toc-link ez-toc-heading-1\" href=\"https:\/\/ilanpazari.net\/blogx\/astroloji\/#Astroloji_Nedir_Burclar_Gezegenler_ve_Dogum_Haritasinin_Hayatimiza_Etkisi\" >Astroloji Nedir? Bur\u00e7lar, Gezegenler ve Do\u011fum Haritas\u0131n\u0131n Hayat\u0131m\u0131za Etkisi<\/a><ul class='ez-toc-list-level-2' ><li class='ez-toc-heading-level-2'><a class=\"ez-toc-link ez-toc-heading-2\" href=\"https:\/\/ilanpazari.net\/blogx\/astroloji\/#Astroloji_Nedir\" >Astroloji Nedir?<\/a><\/li><li class='ez-toc-page-1 ez-toc-heading-level-2'><a class=\"ez-toc-link ez-toc-heading-3\" href=\"https:\/\/ilanpazari.net\/blogx\/astroloji\/#Burclarin_Kisilik_Uzerindeki_Etkisi\" >Bur\u00e7lar\u0131n Ki\u015filik \u00dczerindeki Etkisi<\/a><\/li><li class='ez-toc-page-1 ez-toc-heading-level-2'><a class=\"ez-toc-link ez-toc-heading-4\" href=\"https:\/\/ilanpazari.net\/blogx\/astroloji\/#Gezegenlerin_Astrolojideki_Rolu\" >Gezegenlerin Astrolojideki Rol\u00fc<\/a><\/li><li class='ez-toc-page-1 ez-toc-heading-level-2'><a class=\"ez-toc-link ez-toc-heading-5\" href=\"https:\/\/ilanpazari.net\/blogx\/astroloji\/#Dogum_Haritasi_Neden_Onemlidir\" >Do\u011fum Haritas\u0131 Neden \u00d6nemlidir?<\/a><\/li><li class='ez-toc-page-1 ez-toc-heading-level-2'><a class=\"ez-toc-link ez-toc-heading-6\" href=\"https:\/\/ilanpazari.net\/blogx\/astroloji\/#Astrolojiye_Neden_Ilgi_Artiyor\" >Astrolojiye Neden \u0130lgi Art\u0131yor?<\/a><\/li><li class='ez-toc-page-1 ez-toc-heading-level-2'><a class=\"ez-toc-link ez-toc-heading-7\" href=\"https:\/\/ilanpazari.net\/blogx\/astroloji\/#Sonuc\" >Sonu\u00e7<\/a><\/li><\/ul><\/li><\/ul><\/nav><\/div>\n<h1 data-start=\"123\" data-end=\"200\"><span class=\"ez-toc-section\" id=\"Astroloji_Nedir_Burclar_Gezegenler_ve_Dogum_Haritasinin_Hayatimiza_Etkisi\"><\/span>Astroloji Nedir? Bur\u00e7lar, Gezegenler ve Do\u011fum Haritas\u0131n\u0131n Hayat\u0131m\u0131za Etkisi<span class=\"ez-toc-section-end\"><\/span><\/h1>\n<p data-start=\"202\" data-end=\"613\">Astroloji, g\u00f6ky\u00fcz\u00fcndeki gezegen hareketlerinin ve bur\u00e7lar\u0131n insan hayat\u0131 \u00fczerindeki etkilerini inceleyen kadim bir bilgi sistemidir. Binlerce y\u0131ld\u0131r farkl\u0131 medeniyetler taraf\u0131ndan kullan\u0131lan astroloji, g\u00fcn\u00fcm\u00fczde de bur\u00e7 yorumlar\u0131, do\u011fum haritas\u0131 analizleri ve gezegen ge\u00e7i\u015fleri ile b\u00fcy\u00fck ilgi g\u00f6rmektedir. Peki astroloji nedir, bur\u00e7lar hayat\u0131m\u0131z\u0131 ger\u00e7ekten etkiler mi ve do\u011fum haritas\u0131 neden bu kadar \u00f6nemlidir?<\/p>\n<h2 data-start=\"615\" data-end=\"634\"><span class=\"ez-toc-section\" id=\"Astroloji_Nedir\"><\/span>Astroloji Nedir?<span class=\"ez-toc-section-end\"><\/span><\/h2>\n<p data-start=\"636\" data-end=\"959\">Astroloji, do\u011fum an\u0131nda g\u00f6ky\u00fcz\u00fcnde bulunan gezegenlerin konumlar\u0131na g\u00f6re ki\u015filik \u00f6zelliklerini, e\u011filimleri ve olas\u0131 ya\u015fam deneyimlerini yorumlayan bir sistemdir. Burada en \u00f6nemli kavramlardan biri do\u011fum haritas\u0131d\u0131r. Do\u011fum haritas\u0131, ki\u015finin do\u011fdu\u011fu tarih, saat ve yere g\u00f6re \u00e7\u0131kar\u0131l\u0131r ve adeta ki\u015finin kozmik kimlik kart\u0131d\u0131r.<\/p>\n<p data-start=\"961\" data-end=\"1279\">Astrolojide 12 bur\u00e7 bulunur: Ko\u00e7, Bo\u011fa, \u0130kizler, Yenge\u00e7, Aslan, Ba\u015fak, Terazi, Akrep, Yay, O\u011flak, Kova ve Bal\u0131k. Her bur\u00e7 farkl\u0131 element ve \u00f6zelliklerle ili\u015fkilendirilir. Ate\u015f bur\u00e7lar\u0131 enerjik ve giri\u015fken, toprak bur\u00e7lar\u0131 kararl\u0131 ve g\u00fcvenilir, hava bur\u00e7lar\u0131 ileti\u015fimci ve zeki, su bur\u00e7lar\u0131 ise duygusal ve sezgiseldir.<\/p>\n<h2 data-start=\"1281\" data-end=\"1319\"><span class=\"ez-toc-section\" id=\"Burclarin_Kisilik_Uzerindeki_Etkisi\"><\/span>Bur\u00e7lar\u0131n Ki\u015filik \u00dczerindeki Etkisi<span class=\"ez-toc-section-end\"><\/span><\/h2>\n<p data-start=\"1321\" data-end=\"1578\">Bur\u00e7lar, ki\u015filik \u00f6zellikleri hakk\u0131nda \u00f6nemli ipu\u00e7lar\u0131 verir. \u00d6rne\u011fin Ko\u00e7 burcu lider ruhlu ve cesur yap\u0131s\u0131yla bilinirken, Ba\u015fak burcu detayc\u0131 ve analitik d\u00fc\u015f\u00fcnme yetene\u011fi ile \u00f6ne \u00e7\u0131kar. Ancak sadece g\u00fcne\u015f burcuna bakarak tam bir yorum yapmak do\u011fru de\u011fildir.<\/p>\n<p data-start=\"1580\" data-end=\"1846\">Astrolojide y\u00fckselen bur\u00e7 ve ay burcu da olduk\u00e7a \u00f6nemlidir. Y\u00fckselen bur\u00e7 d\u0131\u015f d\u00fcnyaya yans\u0131tt\u0131\u011f\u0131m\u0131z kimli\u011fi temsil ederken, ay burcu duygusal d\u00fcnyam\u0131z\u0131 g\u00f6sterir. Bu nedenle do\u011fru bir astroloji analizi i\u00e7in do\u011fum haritas\u0131n\u0131n b\u00fct\u00fcnsel olarak de\u011ferlendirilmesi gerekir.<\/p>\n<h2 data-start=\"1848\" data-end=\"1882\"><span class=\"ez-toc-section\" id=\"Gezegenlerin_Astrolojideki_Rolu\"><\/span>Gezegenlerin Astrolojideki Rol\u00fc<span class=\"ez-toc-section-end\"><\/span><\/h2>\n<p data-start=\"1884\" data-end=\"2124\">Astrolojide gezegenler farkl\u0131 enerjileri temsil eder. Merk\u00fcr ileti\u015fimi, Ven\u00fcs a\u015fk\u0131 ve ili\u015fkileri, Mars ise enerjiyi ve m\u00fccadeleyi simgeler. Sat\u00fcrn disiplin ve sorumlulukla ili\u015fkilendirilirken, J\u00fcpiter bolluk ve \u015fans gezegeni olarak bilinir.<\/p>\n<p data-start=\"2126\" data-end=\"2392\">Gezegenlerin bur\u00e7 ve ev konumlar\u0131, ki\u015finin kariyerinden a\u015fk hayat\u0131na kadar bir\u00e7ok alan\u0131 etkileyebilir. \u00d6rne\u011fin Ven\u00fcs\u2019\u00fcn g\u00fc\u00e7l\u00fc konumda olmas\u0131 ili\u015fkilerde \u015fans ve uyum getirebilirken, Sat\u00fcrn\u2019\u00fcn zorlay\u0131c\u0131 a\u00e7\u0131lar yapmas\u0131 hayat\u0131n belirli alanlar\u0131nda s\u0131navlar getirebilir.<\/p>\n<h2 data-start=\"2394\" data-end=\"2428\"><span class=\"ez-toc-section\" id=\"Dogum_Haritasi_Neden_Onemlidir\"><\/span>Do\u011fum Haritas\u0131 Neden \u00d6nemlidir?<span class=\"ez-toc-section-end\"><\/span><\/h2>\n<p data-start=\"2430\" data-end=\"2699\">Do\u011fum haritas\u0131, ki\u015finin potansiyelini anlamas\u0131 a\u00e7\u0131s\u0131ndan g\u00fc\u00e7l\u00fc bir rehberdir. Hangi alanlarda yetenekli oldu\u011funuzu, hangi konularda daha dikkatli olman\u0131z gerekti\u011fini g\u00f6sterir. Kariyer se\u00e7imi, ili\u015fki uyumu ve ki\u015fisel geli\u015fim konular\u0131nda astroloji rehberlik sa\u011flayabilir.<\/p>\n<p data-start=\"2701\" data-end=\"2961\">Ayr\u0131ca gezegen ge\u00e7i\u015fleri (transitler) sayesinde belirli d\u00f6nemlerde hayat\u0131n\u0131zda hangi temalar\u0131n \u00f6ne \u00e7\u0131kaca\u011f\u0131n\u0131 \u00f6\u011frenebilirsiniz. \u00d6rne\u011fin Sat\u00fcrn d\u00f6n\u00fc\u015f\u00fc yakla\u015f\u0131k 29-30 ya\u015flar\u0131nda ger\u00e7ekle\u015fir ve ki\u015finin hayat\u0131nda ciddi sorumluluklar ve \u00f6nemli kararlar getirebilir.<\/p>\n<h2 data-start=\"2963\" data-end=\"2997\"><span class=\"ez-toc-section\" id=\"Astrolojiye_Neden_Ilgi_Artiyor\"><\/span>Astrolojiye Neden \u0130lgi Art\u0131yor?<span class=\"ez-toc-section-end\"><\/span><\/h2>\n<p data-start=\"2999\" data-end=\"3317\">G\u00fcn\u00fcm\u00fczde astrolojiye olan ilgi sosyal medya ve dijital platformlar\u0131n etkisiyle artm\u0131\u015ft\u0131r. \u0130nsanlar kendilerini daha iyi tan\u0131mak, ili\u015fkilerini anlamland\u0131rmak ve gelecek hakk\u0131nda fikir edinmek i\u00e7in astrolojiye y\u00f6nelmektedir. \u00d6zellikle g\u00fcnl\u00fck bur\u00e7 yorumlar\u0131, haftal\u0131k ve ayl\u0131k analizler yo\u011fun \u015fekilde takip edilmektedir.<\/p>\n<p data-start=\"3319\" data-end=\"3525\">Astroloji, kesin bir kader sistemi de\u011fil; potansiyelleri ve e\u011filimleri g\u00f6steren bir rehber olarak de\u011ferlendirilmelidir. Bilin\u00e7li kullan\u0131ld\u0131\u011f\u0131nda ki\u015finin kendini tan\u0131mas\u0131na ve geli\u015fmesine katk\u0131 sa\u011flayabilir.<\/p>\n<h2 data-start=\"3527\" data-end=\"3535\"><span class=\"ez-toc-section\" id=\"Sonuc\"><\/span>Sonu\u00e7<span class=\"ez-toc-section-end\"><\/span><\/h2>\n<p data-start=\"3537\" data-end=\"3935\">Astroloji; bur\u00e7lar, gezegenler ve do\u011fum haritas\u0131 arac\u0131l\u0131\u011f\u0131yla insan hayat\u0131n\u0131 anlamland\u0131rmaya \u00e7al\u0131\u015fan k\u00f6kl\u00fc bir sistemdir. G\u00fcne\u015f burcu, ay burcu ve y\u00fckselen bur\u00e7 birlikte de\u011ferlendirildi\u011finde daha kapsaml\u0131 sonu\u00e7lar elde edilir. E\u011fer siz de kendinizi daha iyi tan\u0131mak ve hayat\u0131n\u0131zdaki d\u00f6ng\u00fcleri anlamak istiyorsan\u0131z, do\u011fum haritan\u0131z\u0131 inceleyerek astrolojinin sundu\u011fu rehberlikten faydalanabilirsiniz.<\/p>\n","protected":false},"excerpt":{"rendered":"<p>Astroloji Nedir? Bur\u00e7lar, Gezegenler ve Do\u011fum Haritas\u0131n\u0131n Hayat\u0131m\u0131za Etkisi Astroloji, g\u00f6ky\u00fcz\u00fcndeki gezegen hareketlerinin ve bur\u00e7lar\u0131n insan hayat\u0131 \u00fczerindeki etkilerini inceleyen kadim bir bilgi sistemidir. Binlerce y\u0131ld\u0131r farkl\u0131 medeniyetler taraf\u0131ndan kullan\u0131lan astroloji, g\u00fcn\u00fcm\u00fczde de bur\u00e7 yorumlar\u0131, do\u011fum haritas\u0131 analizleri ve gezegen ge\u00e7i\u015fleri ile b\u00fcy\u00fck ilgi g\u00f6rmektedir. Peki astroloji nedir, bur\u00e7lar hayat\u0131m\u0131z\u0131 ger\u00e7ekten etkiler mi ve do\u011fum [&hellip;]<\/p>\n","protected":false},"author":1,"featured_media":0,"parent":0,"menu_order":0,"comment_status":"closed","ping_status":"closed","template":"pages\/page-horoscopes.php","meta":{"footnotes":""},"class_list":["post-9","page","type-page","status-publish","hentry"],"aioseo_notices":[],"_links":{"self":[{"href":"https:\/\/ilanpazari.net\/blogx\/wp-json\/wp\/v2\/pages\/9","targetHints":{"allow":["GET"]}}],"collection":[{"href":"https:\/\/ilanpazari.net\/blogx\/wp-json\/wp\/v2\/pages"}],"about":[{"href":"https:\/\/ilanpazari.net\/blogx\/wp-json\/wp\/v2\/types\/page"}],"author":[{"embeddable":true,"href":"https:\/\/ilanpazari.net\/blogx\/wp-json\/wp\/v2\/users\/1"}],"replies":[{"embeddable":true,"href":"https:\/\/ilanpazari.net\/blogx\/wp-json\/wp\/v2\/comments?post=9"}],"version-history":[{"count":5,"href":"https:\/\/ilanpazari.net\/blogx\/wp-json\/wp\/v2\/pages\/9\/revisions"}],"predecessor-version":[{"id":1227,"href":"https:\/\/ilanpazari.net\/blogx\/wp-json\/wp\/v2\/pages\/9\/revisions\/1227"}],"wp:attachment":[{"href":"https:\/\/ilanpazari.net\/blogx\/wp-json\/wp\/v2\/media?parent=9"}],"curies":[{"name":"wp","href":"https:\/\/api.w.org\/{rel}","templated":true}]}}